117360 a multiple of 16?
True
Is 71 a factor of 1365046?
True
Does 71 divide 93862?
True
Does 409 divide 1534893?
False
Does 591 divide 211574?
False
Does 174 divide 690735?
False
Is 152 a factor of 15271744?
True
Is 1356720 a multiple of 10?
True
Is 151837 a multiple of 7?
True
Is 1436900 a multiple of 20?
True
Is 412384 a multiple of 263?
True
Is 1258 a factor of 2794018?
True
Is 44 a factor of 81224?
True
Does 325 divide 78975?
True
Does 1067 divide 1447105?
False
Does 23 divide 227428?
False
Is 11 a factor of 206277?
False
Is 3755826 a multiple of 22?
False
Does 11 divide 6527615?
False
Is 510972 a multiple of 42?
True
Is 59 a factor of 748462?
False
Is 8 a factor of 29699?
False
Is 22576 a multiple of 68?
True
Is 17 a factor of 293199?
True
Is 29 a factor of 899115?
False
Does 20 divide 2553530?
False
Is 99 a factor of 6001182?
True
Is 84 a factor of 427644?
True
Is 538 a factor of 1923888?
True
Is 29 a factor of 292922?
False
Does 89 divide 756678?
True
Does 11 divide 73953?
True
Is 116 a factor of 20184?
True
Does 13 divide 185627?
True
Is 281 a factor of 257115?
True
Is 23112 a multiple of 4?
True
Is 12 a factor of 309126?
False
Is 35 a factor of 184348?
False
Does 731 divide 1969314?
True
Does 234 divide 692973?
False
Is 61 a factor of 22082?
True
Does 16 divide 7347664?
True
Does 9 divide 1692204?
False
Does 6 divide 492552?
True
Is 106 a factor of 4083313?
False
Does 69 divide 14835?
True
Is 1334367 a multiple of 27?
True
Is 318440 a multiple of 76?
True
Does 136 divide 2126?
False
Is 3767091 a multiple of 532?
False
Is 174 a factor of 145237?
False
Is 195 a factor of 420615?
True
Is 1117713 a multiple of 32?
False
Is 7 a factor of 151681?
False
Is 174106 a multiple of 331?
True
Is 1999305 a multiple of 577?
True
Is 7885800 a multiple of 1011?
True
Is 191941 a multiple of 40?
False
Is 1570428 a multiple of 15?
False
Does 70 divide 1816?
False
Does 638 divide 14760768?
True
Is 319 a factor of 1461623?
False
Does 5 divide 28584?
False
Does 46 divide 223308?
False
Is 587 a factor of 3663197?
False
Is 46795 a multiple of 5?
True
Does 24 divide 41880?
True
Is 164 a factor of 118408?
True
Is 6 a factor of 2471549?
False
Is 176409 a multiple of 10?
False
Is 19 a factor of 100947?
True
Is 43 a factor of 209701?
False
Is 14 a factor of 262418?
False
Is 44 a factor of 16149?
False
Is 229 a factor of 8656868?
False
Is 612 a factor of 25227493?
False
Does 364 divide 161616?
True
Does 1096 divide 4511136?
True
Is 43 a factor of 2306391?
True
Does 35 divide 4643387?
False
Does 22 divide 125268?
True
Is 7567991 a multiple of 2150?
False
Does 22 divide 116974?
True
Is 634 a factor of 3002315?
False
Is 808607 a multiple of 192?
False
Is 5 a factor of 2870610?
True
Is 270957 a multiple of 453?
False
Does 94 divide 2354540?
False
Does 6 divide 3225036?
True
Is 4316765 a multiple of 457?
False
Does 57 divide 393363?
False
Is 493 a factor of 4572082?
True
Does 43 divide 1373893?
True
Is 768402 a multiple of 40?
False
Does 1877 divide 8084587?
False
Is 73150 a multiple of 52?
False
Does 294 divide 1689125?
False
Does 62 divide 9606327?
False
Is 78430 a multiple of 46?
True
Does 24 divide 218472?
True
Is 136920 a multiple of 14?
True
Is 72 a factor of 438984?
True
Does 1520 divide 11347471?
False
Is 49330 a multiple of 10?
True
Is 96855 a multiple of 20?
False
Is 115 a factor of 9585365?
True
Is 781 a factor of 3683416?
False
Does 217 divide 139314?
True
Is 16 a factor of 7548167?
False
Is 98727 a multiple of 27?
False
Is 40600 a multiple of 35?
True
Is 189786 a multiple of 181?
False
Is 350 a factor of 1923250?
True
Does 154 divide 94094?
True
Is 9 a factor of 13441257?
True
Does 21 divide 92379?
True
Is 1063722 a multiple of 3?
True
Is 89123 a multiple of 29?
False
Is 10 a factor of 92731?
False
Is 12 a factor of 1887108?
True
Is 229040 a multiple of 112?
True
Is 3971360 a multiple of 40?
True
Is 38 a factor of 1349646?
True
Does 402 divide 1763356?
False
Does 361 divide 510093?
True
Is 25 a factor of 1653262?
False
Is 346 a factor of 8936115?
False
Is 45 a factor of 893655?
True
Does 33 divide 4959504?
True
Is 186249 a multiple of 49?
True
Is 103155 a multiple of 51?
False
Is 6193193 a multiple of 1165?
False
Is 250426 a multiple of 12?
False
Is 112 a factor of 693096?
False
Is 231 a factor of 101592?
False
Is 115 a factor of 347193?
False
Is 472767 a multiple of 64?
False
Does 7 divide 2308320?
True
Is 63450 a multiple of 282?
True
Is 35976 a multiple of 45?
False
Does 11 divide 70255?
False
Is 2019939 a multiple of 70?
False
Does 595 divide 7772788?
False
Is 72 a factor of 552600?
True
Is 1117721 a multiple of 19?
False
Does 14 divide 68844?
False
Is 13 a factor of 43660?
False
Is 108360 a multiple of 22?
False
Is 86387 a multiple of 28?
False
Does 97 divide 67596?
False
Does 1048 divide 8469799?
False
Is 99477 a multiple of 95?
False
Does 5 divide 4155?
True
Does 4 divide 1355080?
True
Is 629691 a multiple of 431?
True
Is 8 a factor of 207015?
False
Is 35311 a multiple of 3?
False
Does 218 divide 253316?
True
Is 2378698 a multiple of 262?
True
Is 14 a factor of 6046278?
True
Does 21 divide 238174?
False
Is 506977 a multiple of 221?
False
Is 200 a factor of 106000?
True
Does 489 divide 3287058?
True
Is 114305 a multiple of 60?
False
Is 10520930 a multiple of 70?
True
Is 5 a factor of 1990350?
True
Is 43 a factor of 16982?
False
Is 4834284 a multiple of 77?
False
Does 294 divide 1176882?
True
Does 20 divide 92393?
False
Is 500514 a multiple of 42?
True
Does 663 divide 1127763?
True
Does 302 divide 144960?
True
Is 23 a factor of 5807523?
True
Does 52 divide 11372685?
False
Is 476370 a multiple of 30?
True
Is 14 a factor of 3452736?
True
Is 31 a factor of 14258547?
False
Does 16 divide 1686019?
False
Does 156 divide 58188?
True
Is 247951 a multiple of 120?
False
Is 1650659 a multiple of 9?
False
Does 60 divide 488640?
True
Does 62 divide 86242?
True
Does 15 divide 1891138?
False
Is 13725 a multiple of 61?
True
Is 549925 a multiple of 2?
False
Is 1416012 a multiple of 939?
True
Does 101 divide 4040303?
True
Is 189 a factor of 2364098?
False
Does 66 divide 756642?
False
Is 15 a factor of 1106175?
True
Is 21 a factor of 41664?
True
Does 45 divide 6371035?
False
Is 20428484 a multiple of 12?
False
Does 19 divide 204326?
True
Does 32 divide 9688498?
False
Is 4358509 a multiple of 136?
False
Is 107635 a multiple of 103?
True
Is 289 a factor of 1168703?
False
Does 376 divide 117249?
False
Is 21 a factor of 1098656?
False
Does 26 divide 423774?
True
Is 3037898 a multiple of 34?
False
Is 1019369 a multiple of 6?
False
Does 334 divide 1969389?
False
Is 44382 a multiple of 78?
True
Is 29 a factor of 646777?
False
Does 16 divide 93575?
False
Is 301804 a multiple of 93?
False
Is 90839 a multiple of 8?
False
Is 1015243 a multiple of 23?
True
Is 11 a factor of 96009?
False
Is 215547 a multiple of 67?
False
Does 12 divide 293236?
False
Is 27 a factor of 13531?
False
Is 5 a factor of 389555?
True
Does 1195 divide 1848665?
True
Is 1263 a factor of 4581237?
False
Is 11 a factor of 356070?
True
Is 64 a factor of 1785922?
False
Does 5 divide 172240?
True
Does 8 divide 57489?
False
Is 22 a factor of 78518?
True
Is 5213390 a multiple of 35?
True
Does 6 divide 144817?
False
Does 33 divide 15972?
True
Is 310524 a multiple of 458?
True
Is 233363 a multiple of 27?
False
Is 21082 a multiple of 2?
True
Is 31 a factor of 4371?
True
Is 60 a factor of 663493?
False
Is 852544 a multiple of 173?
True
Is 9 a factor of 1375821?
True
Is 15 a factor of 385005?
True
Does 18 divide 8658401?
False
Does 15 divide 1253329?
False
Is 400 a factor of 17061200?
True
Is 295 a factor of 2065?
True
Is 13436 a multiple of 2?
True
Is 1045 a factor of 219673?
False
Does 120 divide 330600?
True
Does 74 divide 85663?
False
Is 3463348 a multiple of 18?
False
Is 99 a factor of 302247?
True
Is 477 a factor of 3056139?
True
Is 86918 a multiple of 37?
False
Is 586671 a multiple of 167?
True
Is 54 a factor of 307314?
True
Is 1540 a factor of 2479400?
True
Is 1857097 a multiple of 23?
False
Is 25 a factor of 1070794?
False
Does 16 divide 13616335?
False
Is 1821342 a multiple of 435?
False
Is 27 a factor of 198579?
False
Is 230 a factor of 180850?
False
Is 254 a factor of 1071880?
True
Is 24 a factor of 6888?
